NOAA-Style Climate Reports


Report for 2021 January
                   Monthly Climatological Summary for Jan 2021

Name: East Leake   City: Loughborough   State: Leixestershire
Elevation: 233 ft  Lat: N 52° 49' 41"   Lon: W 001° 11' 31"

                  Temperature (°C), Rain (mm), Wind Speed (mph)

                                      Heat  Cool        Avg
    Mean                              Deg   Deg         Wind                 Dom
Day Temp  High   Time   Low    Time   Days  Days  Rain  Speed High   Time    Dir
----------------------------------------------------------------------------------
01   1.9   4.4   15:04  -2.1   00:28  16.4   0.0   0.4   0.1  10.0   20:18     W
02   0.8   3.2   00:00  -1.7   08:21  17.5   0.0   0.8   0.2   6.0   12:27     W
03   2.6   4.3   14:21   1.6   00:01  15.7   0.0   3.4   1.1  14.0   15:27   ENE
04   2.7   4.4   13:02   1.7   04:24  15.6   0.0   0.2   2.4  16.0   12:38   ENE
05   1.9   3.9   14:33   0.6   21:18  16.3   0.0   0.2   0.6  14.0   11:16   ENE
06   1.1   4.0   14:05  -1.6   23:51  17.2   0.0   0.4   0.1   9.0   14:08   ENE
07  -2.3  -0.8   14:10  -3.8   08:31  20.6   0.0   0.0   0.0   7.0   13:07     W
08   0.4   1.2   12:25  -1.1   00:00  17.9   0.0   0.8   0.0   3.0   13:46     N
09   0.6   3.2   13:08  -0.9   10:06  17.6   0.0   0.0   0.3   9.0   23:08   WSW
10   2.2   4.3   13:18  -0.7   01:57  16.1   0.0   0.2   2.4  13.0   11:57   WSW
11   6.2   8.4   23:51   4.0   00:03  12.1   0.0   3.6   5.9  24.0   12:40   WSW
12   4.0   8.7   01:15   0.0   23:06  14.3   0.0   3.8   0.6  19.0   01:12   WSW
13   1.7   3.3   13:44  -0.3   00:52  16.6   0.0   8.4   0.0   5.0   16:35   ENE
14   1.6   2.8   05:03   0.3   12:57  16.7   0.0  18.0   0.2  11.0   06:38   ESE
15   0.4   1.4   13:38  -0.7   19:43  17.9   0.0   0.2   0.3  11.0   23:26     S
16   4.5   7.6   14:02   0.9   00:00  13.8   0.0   4.0   4.3  22.0   06:22   SSW
17   4.7   6.6   13:00   2.6   07:02  13.6   0.0   1.0   2.6  16.0   13:21     W
----------------------------------------------------------------------------------
     2.1   8.7    12    -3.8     7   275.9   0.0  45.4   1.2  24.0    11     WSW

Max >=  27.0  0
Max <=   0.0  1
Min <=   0.0 10
Min <= -18.0  0
Max Rain: 18.0 on day 14
Days of Rain: 15 (>= 0.2 mm)  6 (>= 2.0 mm)  0 (>= 20.0 mm)
Heat Base: 18.3  Cool Base: 18.3  Method: Integration