NOAA-Style Climate Reports


Report for 2021 April
                   Monthly Climatological Summary for Apr 2021

Name: East Leake   City: Loughborough   State: Leicestershire
Elevation: 233 ft  Lat: N 52° 49' 41"   Lon: W 001° 11' 31"

                  Temperature (°C), Rain (mm), Wind Speed (mph)

                                      Heat  Cool        Avg
    Mean                              Deg   Deg         Wind                 Dom
Day Temp  High   Time   Low    Time   Days  Days  Rain  Speed High   Time    Dir
----------------------------------------------------------------------------------
01   7.2  10.8   00:00   5.1   23:55  11.1   0.0   0.0   3.1  19.0   04:08   ENE
02   6.5  10.4   16:15   4.4   23:54  11.8   0.0   0.0   1.3  14.0   18:02   ENE
03   6.2   9.8   16:35   2.6   23:59  12.1   0.0   0.0   0.4  11.0   04:40   ENE
04   7.2  15.7   16:50  -0.8   06:17  11.1   0.0   0.0   0.2  17.0   23:47     W
05   5.0   9.1   00:00   0.9   23:59  13.3   0.0   0.0   1.0  20.0   00:04     W
06   1.2   7.2   13:15  -2.5   23:48  17.1   0.0   0.4   0.2  13.0   11:11   WNW
07   2.2   7.9   14:48  -3.7   04:55  16.1   0.0   0.4   0.1  11.0   12:36     W
08   7.4  12.6   13:14   3.1   02:45  10.9   0.0   0.0   0.7  21.0   14:54   WSW
09   6.6   9.8   15:26   3.3   23:57  11.7   0.0   0.4   0.3  13.0   05:02   WSW
10   4.0   8.7   15:37   0.2   07:09  14.3   0.0   0.2   0.0  15.0   15:56     E
11   3.6   7.9   13:41  -0.6   02:14  14.7   0.0   0.0   0.0   7.0   13:44     N
12   4.3  11.0   17:15  -1.7   06:23  14.0   0.0   0.0   0.0   8.0   11:11     N
13   6.1  13.3   14:48  -2.0   06:29  12.2   0.0   0.0   0.0   7.0   17:07     N
14   6.9  12.0   13:31   1.8   23:58  11.4   0.0   0.0   0.0  10.0   10:07   ENE
15   5.0  11.3   14:23  -1.4   05:43  13.3   0.0   0.0   0.0   8.0   12:38     N
16   5.3  11.5   14:56  -1.7   06:27  13.0   0.0   0.0   0.0   4.0   15:22     N
17   7.1  14.1   15:41  -1.2   06:15  11.2   0.0   0.0   0.0   7.0   12:40     N
18   8.1  15.3   16:57  -0.2   06:03  10.2   0.0   0.0   0.0   4.0   12:08     N
----------------------------------------------------------------------------------
     5.6  15.7     4    -3.7     7   229.5   0.0   1.4   0.4  21.0     8     ENE

Max >=  27.0  0
Max <=   0.0  0
Min <=   0.0 10
Min <= -18.0  0
Max Rain: 0.4 on day 6
Days of Rain: 4 (>= 0.2 mm)  0 (>= 2.0 mm)  0 (>= 20.0 mm)
Heat Base: 18.3  Cool Base: 18.3  Method: Integration