NOAA-Style Climate Reports


Report for 2022 May
                   Monthly Climatological Summary for May 2022

Name: East Leake   City: Loughborough   State: Leicestershire
Elevation: 233 ft  Lat: N 52° 49' 41"   Lon: W 001° 11' 31"

                  Temperature (°C), Rain (mm), Wind Speed (mph)

                                      Heat  Cool        Avg
    Mean                              Deg   Deg         Wind                 Dom
Day Temp  High   Time   Low    Time   Days  Days  Rain  Speed High   Time    Dir
----------------------------------------------------------------------------------
01  11.0  13.3   17:51   9.3   06:56   7.2   0.0   0.0   0.0   7.0   07:18   WSW
02  12.6  17.2   13:10   9.8   05:54   5.6   0.0   0.0   0.0   7.0   20:23   ENE
03  11.0  14.3   17:55   7.9   07:02   7.2   0.0   0.2   0.0   8.0   02:06   ENE
04  11.5  15.0   16:12   8.5   23:59   6.7   0.0   3.2   0.0  10.0   16:13     W
05  13.5  19.7   19:04   5.8   05:45   4.9   0.1   0.0   0.0   8.0   12:40     N
06  13.2  17.2   11:36   9.1   06:03   5.0   0.0   7.6   0.0  11.0   11:00   WSW
07  13.3  18.0   16:02   8.8   06:34   4.9   0.0   1.2   0.0  12.0   17:35   ENE
08  13.3  19.4   16:16   8.8   06:05   5.0   0.1   0.0   0.0  10.0   16:08   ESE
09  14.7  20.2   14:07   7.7   06:06   3.8   0.3   0.0   0.3  14.0   16:21    SW
10  15.5  19.6   16:16  12.7   08:22   2.8   0.1   0.2   1.3  20.0   14:29   WSW
11  12.2  15.6   16:14   8.9   22:39   6.0   0.0  10.0   0.3  14.0   18:26    SW
12  11.7  16.3   15:20   6.5   05:12   6.5   0.0   0.0   0.6  16.0   17:03   WSW
13  14.0  19.3   16:30   9.9   05:23   4.4   0.1   0.0   2.2  24.0   14:25   WSW
14  16.0  23.6   16:56   7.9   05:52   3.6   1.3   0.0   0.1   6.0   13:35    SE
15  16.1  22.1   13:10  12.4   23:57   2.7   0.5   2.2   0.3  13.0   13:33    SE
16  15.9  22.7   16:25  12.1   01:39   3.0   0.7   5.6   0.1  11.0   14:35     S
17  17.4  24.1   16:31  11.2   05:11   2.4   1.6   1.8   0.3  18.0   19:24     S
18  15.7  21.7   16:42  10.7   05:21   3.0   0.4   3.8   0.1  11.0   14:47    SW
19  14.9  20.4   17:00  10.4   05:00   3.6   0.3   1.2   0.0  13.0   15:48     N
20  13.9  17.4   16:03  11.7   05:23   4.3   0.0   0.4   0.5  15.0   18:44   WSW
21  13.9  19.7   17:16   9.0   04:15   4.4   0.0   0.0   0.2  11.0   11:25   WSW
22  16.2  21.4   14:22  10.1   04:41   2.7   0.7   0.0   0.0  11.0   15:21   WSW
23  14.0  17.0   11:45  10.2   23:58   4.2   0.0   1.2   0.0  10.0   17:37     W
----------------------------------------------------------------------------------
    14.0  24.1    17     5.8     5   103.9   6.2  38.6   0.3  24.0    13     WSW

Max >=  27.0  0
Max <=   0.0  0
Min <=   0.0  0
Min <= -18.0  0
Max Rain: 10.0 on day 11
Days of Rain: 13 (>= 0.2 mm)  6 (>= 2.0 mm)  0 (>= 20.0 mm)
Heat Base: 18.3  Cool Base: 18.3  Method: Integration